 967687. Give y(-57).
173
Let w(n) = 3*n**2 + 439*n - 128. Determine w(-137).
-3964
Let t(n) = -755*n + 92300. Calculate t(123).
-565
Let f(p) = 318*p - 92503. Calculate f(291).
35
Let q(z) = 580*z - 37409. Calculate q(68).
2031
Let w(m) = 66401*m**2 - 664013*m + 42. Give w(10).
12
Let x(b) = 2*b**3 + 19*b**2 + 1964*b + 15513. Give x(-8).
-7
Let r(m) = -25090*m - 25100. Give r(-1).
-10
Let w(a) = -2*a**3 + 88*a**2 + 90*a - 385. Determine w(45).
-385
Let c(n) = -29*n - 5347. Give c(-119).
-1896
Let g(r) = -324*r + 115196. What is g(358)?
-796
Let r(w) = w**3 + 88*w**2 + 102*w + 8088. Give r(-88).
-888
Let z(u) = u**2 + 140*u + 2000. Calculate z(-129).
581
Let a(c) = -c**2 + 12*c - 196. What is a(23)?
-449
Let z(c) = -1207*c + 23156. Determine z(19).
223
Let v(s) = -2640*s + 116211. Give v(44).
51
Let f(y) = -26*y**2 + 6012*y + 12036. Calculate f(-2).
-92
Let u(v) = -11*v**2 - 471*v - 2842. What is u(-6)?
-412
Let v(q) = -q**2 + 9338*q + 982208. Determine v(-104).
240
Let t(n) = -1201*n - 194259. What is t(-162)?
303
Let s(r) = -7*r**2 - 5275*r + 42651. Give s(8).
3
Let o(j) = -15134*j + 499444. What is o(33)?
22
Let x(o) = o**2 - 60*o - 20017. Give x(-117).
692
Let r(x) = -1945*x - 7763. Give r(-4).
17
Let z(u) = u**2 - 2893*u - 510925. Determine z(-167).
95
Let j(t) = 613*t + 180848. Calculate j(-295).
13
Let a(j) = 332*j + 20844. Calculate a(-63).
-72
Let d(k) = 2880*k - 66068. What is d(23)?
172
Let a(r) = -42774*r + 2309776. Give a(54).
-20
Let v(s) = -564*s**2 - 107*s - 79. Determine v(-1).
-536
Let i(p) = -5*p**2 + 447*p - 8800. Calculate i(31).
252
Let i(j) = 118*j - 9085. What is i(87)?
1181
Let g(v) = 508*v - 49334. Determine g(99).
958
Let o(j) = 3*j**2 - 752*j - 4582. Calculate o(-6).
38
Let m(u) = -1086*u**2 - 6526*u - 60. Determine m(-6).
0
Let l(t) = -t**2 + 622*t - 27032. Give l(575).
-7
Let b(s) = 3549*s + 1316700. What is b(-371)?
21
Let m(r) = 8217*r + 1314729. Give m(-160).
9
Let g(p) = -13*p**2 + 313*p + 4430. What is g(-10)?
0
Let l(g) = -8*g**2 + g - 18. What is l(3)?
-87
Let o(h) = 15*h**2 - 2777*h + 13944. Calculate o(5).
434
Let z(l) = 2*l**2 + 88*l - 86. Give z(-49).
404
Let y(b) = -b**3 + 23*b**2 - 1452*b + 24497. What is y(18)?
-19
Let t(h) = -3*h**3 - 19*h**2 - 71*h - 39. Calculate t(-7).
556
Let s(p) = 1128*p + 11942. Give s(-10).
662
Let r(q) = -5148*q + 133842. What is r(26)?
-6
Let s(g) = g**3 - 645*g**2 + 2575*g - 42. Give s(4).
2
Let q(c) = 251*c - 1261. Calculate q(5).
-6
Let p(q) = -3*q**2 + 361*q + 10654. What is p(-27)?
-1280
Let g(q) = 15*q**2 - 5187*q + 59120. Give g(334).
2
Let s(i) = -2*i**3 + 83*i**2 + 41*i + 13. What is s(42)?
-29
Let l(o) = -o**3 - 2190*o**2 - 12579*o + 3159. Determine l(-6).
9
Let l(j) = 1943*j - 773033. What is l(398)?
281
Let o(d) = -536*d**2 - 51*d - 144. What is o(-3)?
-4815
Let k(n) = 279*n - 31857. Give k(112).
-609
Let v(p) = 727*p**2 - 83*p - 196. Calculate v(-2).
2878
Let q(d) = d**2 - 1089*d + 100735. Give q(102).
61
Let v(d) = 379*d**2 + 5289*d - 227. Determine v(-14).
11
Let t(x) = 5*x**2 - 631*x + 98. Calculate t(126).
-28
Let a(l) = -l**3 - 78*l**2 - 194*l - 3180. Determine a(-76).
12
Let a(l) = -15683*l - 470498. Determine a(-30).
-8
Let x(o) = 190*o**2 + 2216*o - 98. What is x(-12)?
670
Let y(k) = -149*k - 1098. Calculate y(-6).
-204
Let i(z) = -z**2 + 3997*z - 67683. Give i(17).
-23
Let m(a) = -17982*a - 53942. Determine m(-3).
4
Let g(o) = -2417*o + 4964. Give g(2).
130
Let k(t) = t**2 - 152*t + 5958. What is k(95)?
543
Let u(r) = 2*r**2 + 16238*r + 64939. Determine u(-4).
19
Let o(t) = -13624*t + 558379. Calculate o(41).
-205
Let t(i) = -126*i - 12268. Calculate t(-100).
332
Let p(m) = -5458*m - 976989. Determine p(-179).
-7
Let j(x) = -x**3 - 70*x**2 + 65*x - 446. Determine j(-71).
-20
Let h(s) = 8*s**2 + 663*s + 10329. Determine h(-63).
312
Let n(o) = o**3 - 306*o**2 - 332*o + 7603. Calculate n(307).
-72
Let u(d) = -d**3 + 201*d**2 + 1233*d + 1949. Give u(207).
86
Let f(z) = -8045*z + 63748. Calculate f(8).
-612
Let z(q) = -83*q + 4728. Calculate z(43).
1159
Let y(d) = -7*d**3 + 209*d**2 + 50*d - 599. Determine y(30).
1
Let w(r) = -31*r**2 + 176*r + 882. Give w(-5).
-773
Let x(d) = -d**3 - 236*d**2 - 13348*d - 49. Determine x(-142).
-49
Let k(h) = -h**3 - 7*h**2 + 975*h - 73. Determine k(-35).
102
Let a(m) = 35512*m + 354718. What is a(-10)?
-402
Let v(q) = 13*q**3 - 79*q**2 - 196*q + 1216. What is v(6)?
4
Let k(r) = -5*r**3 + 122*r**2 - 156*r - 94. Calculate k(23).
21
Let x(l) = 19*l**3 + 10*l**2 - 28*l + 28. Give x(3).
547
Let l(d) = -13344*d - 3255843. Give l(-244).
93
Let y(m) = -5*m**2 + 367*m - 532. Give y(72).
-28
Let p(i) = i**2 - 98*i + 2242. Determine p(26).
370
Let o(i) = -i**3 + 12*i**2 + 22*i - 109. What is o(3)?
38
Let f(b) = -b**2 + 15381*b + 8252107. Determine f(-519).
7
Let h(x) = -x**3 - 26*x + 67. What is h(2)?
7
Let b(u) = u**3 + 23*u**2 - 122*u - 2985. Determine b(-22).
183
Let a(o) = o**3 + 567*o**2 - 1695*o + 7005. What is a(-570)?
-1545
Let u(h) = -6*h**3 - 574*h**2 - 936*h + 400. Give u(-94).
24
Let m(i) = -i**2 + 7*i + 673. Calculate m(-27).
-245
Let l(c) = -15767*c - 1292954. What is l(-82)?
-60
Let y(o) = 2*o**3 - 29*o**2 + 22*o + 153. Calculate y(11).
-452
Let r(u) = -3*u**3 - 91*u**2 - 609*u - 7022. Determine r(-26).
24
Let h(o) = o**2 - 1067*o - 1076092. Calculate h(-633).
8
Let p(c) = -764308*c + 1528611. Give p(2).
-5
Let y(o) = 4*o**3 + 16*o**2 + 8*o + 76. What is y(-7)?
-568
Let h(v) = -345*v - 4443. Determine h(-23).
3492
Let r(o) = 131*o + 1657. Determine r(-8).
609
Let r(v) = v**3 + 14*v**2 - 367*v - 526. Give r(-27).
-94
Let v(q) = 18*q**2 - 758*q + 13499. Determine v(18).
5687
Let w(t) = -4*t**3 + 95*t**2 - 376*t + 266. Calculate w(19).
-19
Let c(p) = -141*p**3 - 18896*p**2 - 270*p - 338. Give c(-134).
-70
Let c(u) = -8*u**2 + 876*u - 28496. What is c(32)?
-8656
Let u(k) = -73*k**2 + 7162*k - 149463. What is u(68)?
1
Let i(b) = -3*b**2 + 10*b - 81. Determine i(8).
-193
Let q(j) = -4386*j - 8849. What is q(-2)?
-77
Let z(o) = 47961*o - 815340. Determine z(17).
-3
Let c(n) = -n**2 - 714*n - 59300. Give c(-96).
28
Let d(b) = b**2 - 6378*b - 57473. Give d(-9).
10
Let l(p) = p**3 - 366*p**2 - 58*p - 249490. Determine l(368).
14
Let a(x) = -x**3 - 20*x**2 - 16*x + 143. Determine a(-19).
86
Let l(x) = 6860*x + 6361. Determine l(-1).
-499
Let s(y) = -2*y**3 - 38*y**2 - 175*y - 4307. Give s(-20).
-7
Let d(w) = -10*w**2 - 5500*w + 44640. Calculate d(-558).
0
Let i(n) = -8*n**3 + 18*n**2 - 4*n - 52. Give i(4).
-292
Let h(x) = -356*x**3 + 3878*x**2 + 418*x - 1. Determine h(11).
-1
Let n(y) = -277*y + 5994. Determine n(28).
-1762
Let w(g) = -9*g**2 - 1978*g + 1700. Give w(-221).
-731
Let s(o) = -2*o**3 + o**2 + 173*o + 9. Give s(0).
9
Let y(f) = 3*f**3 - 8456*f**2 + 734103*f - 5471. Calculate y(2729).
-13
Let g(t) = -115748*t + 2083304. What is g(18)?
-160
Let n(a) = -2*a**2 - 160*a - 1978. Give n(-15).
-28
Let h(a) = -a**2 + 142*a - 2732. Give h(23).
5
Let a(s) = 271*s - 7105. Determine a(27).
212
Let x(t) = -4817*t - 377. Give x(0).
-377
Let t(m) = -3976*m - 254835. Calculate t(-64).
-371
Let h(p) = -p**3 - 312*p**2 + 15227*p + 1546. Determine h(43).
-88
Let d(i) = i**3 + 33*i**2 - 41*i + 69. Determine d(-34).
307
Let v(o) = o**3 - 105*o**2 - 144941*o + 15084684. What is v(104)?
4
Let y(r) = -r**2 + 269*r - 18981. What is y(131)?
-903
Let o(k) = -2*k**2 + 2122*k - 8462. Calculate o(4).
-6
Let j(y) = -8*y**2 + 1156*y - 37451. What is j(49)?
-15
Let y(l) = -l**2 + 1012*l - 145798. Give y(174).
14
Let c(s) = 3*s**3 + 1814*s**2 + 37891*s - 2346. Determine c(-583).
-14
Let d(t) = -57*t**2 - 2088*t + 10191. Determine d(-41).
-18
Let x(d) = -62732*d - 125392. Determine x(-2).
72
Let g(r) = 1021*r + 49633. Determine g(-50).
-1417
Let w(i) = i**2 + 498*i - 23025. Calculate w(42).
-345
Let i(t) = 9*t**2 - 82*t + 693. What is i(9)?
684
Let g(f) = -2*f**2 + 91*f - 575. Give g(26).
439
Let b(i) = 2*i**2 - 180*i + 740. Calculate b(4).
52
Let u(f) = -1213*f + 123724. What is u(102)?
-2
Let k(g) = 38912*g + 1206299. Give k(-31).
27
Let w(f) = -2*f**3 + 20*f**2 - 28*f + 181. Calculate w(11).
-369
Let y(p) = -1928*p + 123398. Determine y(64).
6
Let c(b) = 80*b**2 + 4712*b - 465. What is c(-59)?
7
Let j(w) = -2*w**3 + 44*w**2 - 3270*w + 67781. Ca